{"id":9021,"date":"2018-02-27T22:00:55","date_gmt":"2018-02-27T21:00:55","guid":{"rendered":"https:\/\/kodmalopolska.pl\/?page_id=9021"},"modified":"2026-03-23T22:04:58","modified_gmt":"2026-03-23T21:04:58","slug":"zarzad-regionu","status":"publish","type":"page","link":"https:\/\/kodmalopolska.pl\/?page_id=9021","title":{"rendered":"Sk\u0142ad Zarz\u0105du Regionu Ma\u0142opolskie KOD"},"content":{"rendered":"\r\n<h3 class=\"wp-block-heading\">Kadencja V (od 23.03.2026)<\/h3>\r\n<p>Micha\u0142 Palarczyk \u2014 przewodnicz\u0105cy<br \/>Joanna Kozio\u0142 \u2014 wiceprzewodnicz\u0105ca<br \/>Ewa \u0141ukasik \u2014 wiceprzewodnicz\u0105ca<br \/>Jolanta Weso\u0142owska \u2014 sekretarz<br \/>Pawe\u0142 Wolszczak \u2014 skarbnik<br \/>Lucyna Sieniawska<br \/>Agnieszka Szyluk<\/p>\r\n<p>\r\n\r\n<\/p>\r\n<hr class=\"wp-block-separator has-alpha-channel-opacity\" \/>\r\n<p>\r\n\r\n<\/p>\r\n<p>Kadencja IV (od 3.04.2024)<\/p>\r\n\r\n\r\n\r\n<p>Grzegorz Artur G\u00f3rski \u2014 przewodnicz\u0105cy<br \/>Danuta Czechmanowska \u2014 wiceprzewodnicz\u0105ca (do 22.01.2026)<br \/>Ma\u0142gorzata Figa-Tomi\u0144ska \u2014 wiceprzewodnicz\u0105ca<br \/>Pawe\u0142 Grabski \u2014 wiceprzewodnicz\u0105cy<br \/>Piotr Kalista \u2014 sekretarz (od 19.12.2024 do 13.01.2026)<br \/>Joanna Kozio\u0142<br \/>Maciej Nalepa \u2014 sekretarz (do 30.06.2024)<br \/>\u0141ukasz P\u0142atek (od 20.01.2025)<br \/>Lucyna Sieniawska<\/p>\r\n\r\n\r\n<hr class=\"wp-block-separator has-alpha-channel-opacity\" \/>\r\n\r\n\r\n<h3 class=\"wp-block-heading\">Kadencja III (od 3.04.2022)<\/h3>\r\n\r\n\r\n\r\n<p><strong>Ewelina Pytel <\/strong>&#8211; przewodnicz\u0105ca<br \/><em>Filolo\u017cka, pracuje w Katedrze Literatury W\u0142oskiej UP, przewodnicz\u0105ca ZR Ma\u0142opolskie KOD od 2020 r.<\/em><\/p>\r\n\r\n\r\n\r\n<p><strong>Grzegorz G\u00f3rski <\/strong>&#8211; wiceprzewodnicz\u0105cy, pe\u0142ni\u0105cy funkcj\u0119 przewodnicz\u0105cego (od 25.02.2024)<\/p>\r\n\r\n\r\n\r\n<p><strong>Ma\u0142gorzata Figa-Tomi\u0144ska<\/strong> &#8211; wiceprzewodnicz\u0105ca<br \/><em>Absolwentka Uniwersytetu Rolniczego w Krakowie, pracuje w Urz\u0119dzie Miasta Krakowa, cz\u0142onkini Rady ds. R\u00f3wnego Traktowania w Krakowie, dot\u0105d wiceprzewodnicz\u0105ca Zarz\u0105du Regionu Ma\u0142opolskie<\/em> <em>KOD<\/em>.<\/p>\r\n\r\n\r\n\r\n<p><strong>Pawe\u0142 Grabski<\/strong> &#8211; wiceprzewodnicz\u0105cy<br \/><em>Absolwent AGH, pracuje jako informatyk w skarbowo\u015bci. Aktywnie dzia\u0142a w KOD od pocz\u0105tku istnienia<\/em>.<\/p>\r\n\r\n\r\n\r\n<p><strong>Fryderyk Zoll<\/strong> &#8211; wiceprzewodnicz\u0105cy<br \/><em>Prof. dr hab. dr. h.c (Tarnopol), prof. zw. nauk prawnych Uniwersytetu Jagiello\u0144skiego i Uniwersytetu w Osnabr\u00fcck, dotychczas wiceprzewodnicz\u0105cy ZR Ma\u0142opolskie<\/em> <em>KOD<\/em>.<\/p>\r\n\r\n\r\n\r\n<p><strong>Maciej Nalepa<\/strong> &#8211; sekretarz<br \/><em>Lekarz w trakcie specjalizacji z psychiatrii, pracuje w Oddziale Psychosomatyki i Psychiatrii w O\u015bwi\u0119cimiu, dot\u0105d sekretarz Zarz\u0105du Regionu i by\u0142y przewodnicz\u0105cy My\u015blenickiej Grupy Lokalnej KOD<\/em>.<\/p>\r\n\r\n\r\n\r\n<p><strong>Micha\u0142 Zieleniewski<\/strong> &#8211; skarbnik<br \/><em>Ekonomista, dotychc<\/em>z<em>as skarbnik ZR<\/em>.<\/p>\r\n\r\n\r\n\r\n<p><strong>Zdzis\u0142aw Janus<\/strong><\/p>\r\n\r\n\r\n\r\n<p><strong>Micha\u0142 R\u00f3\u017cankowski<\/strong><\/p>\r\n\r\n\r\n\r\n<p><em>Byli cz\u0142onkowie: El\u017cbieta Talar-Suchan<\/em><\/p>\r\n\r\n\r\n<hr class=\"wp-block-separator has-css-opacity\" \/>\r\n\r\n\r\n<h3 class=\"wp-block-heading\">Kadencja II (od 28.01.2020)<\/h3>\r\n\r\n\r\n\r\n<p>Ewelina Pytel &#8211; przewodnicz\u0105ca; Fryderyk Zoll &#8211; wiceprzewodnicz\u0105cy; Grzegorz Wi\u015bniowski &#8211; wiceprzewodnicz\u0105cy; Ma\u0142gorzata Figa-Tomi\u0144ska &#8211; wiceprzewodnicz\u0105ca; Maciej Nalepa &#8211; sekretarz; Micha\u0142 Zieleniewski &#8211; skarbnik; Anna Czaplicka &#8211; cz\u0142onek zarz\u0105du; Artur Pi\u00f3ro &#8211; cz\u0142onek zarz\u0105du; \u0141ukasz P\u0142atek &#8211; cz\u0142onek zarz\u0105du<\/p>\r\n\r\n\r\n\r\n<p><em>Byli cz\u0142onkowie: Tadeusz Ku\u015b, Gra\u017cyna Macha\u0142a, Artur Pi\u00f3ro<\/em><\/p>\r\n","protected":false},"excerpt":{"rendered":"<p>Kadencja V (od 23.03.2026) Micha\u0142 Palarczyk \u2014 przewodnicz\u0105cyJoanna Kozio\u0142 \u2014 wiceprzewodnicz\u0105caEwa \u0141ukasik \u2014 wiceprzewodnicz\u0105caJolanta Weso\u0142owska \u2014 sekretarzPawe\u0142 Wolszczak \u2014 skarbnikLucyna [&#8230;]<\/p>\n","protected":false},"author":31,"featured_media":0,"parent":0,"menu_order":0,"comment_status":"closed","ping_status":"closed","template":"","meta":{"_EventAllDay":false,"_EventTimezone":"","_EventStartDate":"","_EventEndDate":"","_EventStartDateUTC":"","_EventEndDateUTC":"","_EventShowMap":false,"_EventShowMapLink":false,"_EventURL":"","_EventCost":"","_EventCostDescription":"","_EventCurrencySymbol":"","_EventCurrencyCode":"","_EventCurrencyPosition":"","_EventDateTimeSeparator":"","_EventTimeRangeSeparator":"","_EventOrganizerID":[],"_EventVenueID":[],"_OrganizerEmail":"","_OrganizerPhone":"","_OrganizerWebsite":"","_VenueAddress":"","_VenueCity":"","_VenueCountry":"","_VenueProvince":"","_VenueState":"","_VenueZip":"","_VenuePhone":"","_VenueURL":"","_VenueStateProvince":"","_VenueLat":"","_VenueLng":"","_VenueShowMap":false,"_VenueShowMapLink":false,"footnotes":""},"categories":[293],"tags":[],"class_list":["post-9021","page","type-page","status-publish","hentry","category-zarzad","zarzad"],"_links":{"self":[{"href":"https:\/\/kodmalopolska.pl\/index.php?rest_route=\/wp\/v2\/pages\/9021","targetHints":{"allow":["GET"]}}],"collection":[{"href":"https:\/\/kodmalopolska.pl\/index.php?rest_route=\/wp\/v2\/pages"}],"about":[{"href":"https:\/\/kodmalopolska.pl\/index.php?rest_route=\/wp\/v2\/types\/page"}],"author":[{"embeddable":true,"href":"https:\/\/kodmalopolska.pl\/index.php?rest_route=\/wp\/v2\/users\/31"}],"replies":[{"embeddable":true,"href":"https:\/\/kodmalopolska.pl\/index.php?rest_route=%2Fwp%2Fv2%2Fcomments&post=9021"}],"version-history":[{"count":7,"href":"https:\/\/kodmalopolska.pl\/index.php?rest_route=\/wp\/v2\/pages\/9021\/revisions"}],"predecessor-version":[{"id":39150,"href":"https:\/\/kodmalopolska.pl\/index.php?rest_route=\/wp\/v2\/pages\/9021\/revisions\/39150"}],"wp:attachment":[{"href":"https:\/\/kodmalopolska.pl\/index.php?rest_route=%2Fwp%2Fv2%2Fmedia&parent=9021"}],"wp:term":[{"taxonomy":"category","embeddable":true,"href":"https:\/\/kodmalopolska.pl\/index.php?rest_route=%2Fwp%2Fv2%2Fcategories&post=9021"},{"taxonomy":"post_tag","embeddable":true,"href":"https:\/\/kodmalopolska.pl\/index.php?rest_route=%2Fwp%2Fv2%2Ftags&post=9021"}],"curies":[{"name":"wp","href":"https:\/\/api.w.org\/{rel}","templated":true}]}}

Skład Zarządu Regionu Małopolskie KOD

<h3 class="wp-block-heading">Kadencja V (od 23.03.2026)</h3>
<p>Michał Palarczyk — przewodniczący<br />Joanna Kozioł — wiceprzewodnicząca<br />Ewa Łukasik — wiceprzewodnicząca<br />Jolanta Wesołowska — sekretarz<br />Paweł Wolszczak — skarbnik<br />Lucyna Sieniawska<br />Agnieszka Szyluk</p>
<p>

</p>
<hr class="wp-block-separator has-alpha-channel-opacity" />
<p>

</p>
<p>Kadencja IV (od 3.04.2024)</p>



<p>Grzegorz Artur Górski — przewodniczący<br />Danuta Czechmanowska — wiceprzewodnicząca (do 22.01.2026)<br />Małgorzata Figa-Tomińska — wiceprzewodnicząca<br />Paweł Grabski — wiceprzewodniczący<br />Piotr Kalista — sekretarz (od 19.12.2024 do 13.01.2026)<br />Joanna Kozioł<br />Maciej Nalepa — sekretarz (do 30.06.2024)<br />Łukasz Płatek (od 20.01.2025)<br />Lucyna Sieniawska</p>


<hr class="wp-block-separator has-alpha-channel-opacity" />


<h3 class="wp-block-heading">Kadencja III (od 3.04.2022)</h3>



<p><strong>Ewelina Pytel </strong>&#8211; przewodnicząca<br /><em>Filolożka, pracuje w Katedrze Literatury Włoskiej UP, przewodnicząca ZR Małopolskie KOD od 2020 r.</em></p>



<p><strong>Grzegorz Górski </strong>&#8211; wiceprzewodniczący, pełniący funkcję przewodniczącego (od 25.02.2024)</p>



<p><strong>Małgorzata Figa-Tomińska</strong> &#8211; wiceprzewodnicząca<br /><em>Absolwentka Uniwersytetu Rolniczego w Krakowie, pracuje w Urzędzie Miasta Krakowa, członkini Rady ds. Równego Traktowania w Krakowie, dotąd wiceprzewodnicząca Zarządu Regionu Małopolskie</em> <em>KOD</em>.</p>



<p><strong>Paweł Grabski</strong> &#8211; wiceprzewodniczący<br /><em>Absolwent AGH, pracuje jako informatyk w skarbowości. Aktywnie działa w KOD od początku istnienia</em>.</p>



<p><strong>Fryderyk Zoll</strong> &#8211; wiceprzewodniczący<br /><em>Prof. dr hab. dr. h.c (Tarnopol), prof. zw. nauk prawnych Uniwersytetu Jagiellońskiego i Uniwersytetu w Osnabrück, dotychczas wiceprzewodniczący ZR Małopolskie</em> <em>KOD</em>.</p>



<p><strong>Maciej Nalepa</strong> &#8211; sekretarz<br /><em>Lekarz w trakcie specjalizacji z psychiatrii, pracuje w Oddziale Psychosomatyki i Psychiatrii w Oświęcimiu, dotąd sekretarz Zarządu Regionu i były przewodniczący Myślenickiej Grupy Lokalnej KOD</em>.</p>



<p><strong>Michał Zieleniewski</strong> &#8211; skarbnik<br /><em>Ekonomista, dotychc</em>z<em>as skarbnik ZR</em>.</p>



<p><strong>Zdzisław Janus</strong></p>



<p><strong>Michał Różankowski</strong></p>



<p><em>Byli członkowie: Elżbieta Talar-Suchan</em></p>


<hr class="wp-block-separator has-css-opacity" />


<h3 class="wp-block-heading">Kadencja II (od 28.01.2020)</h3>



<p>Ewelina Pytel &#8211; przewodnicząca; Fryderyk Zoll &#8211; wiceprzewodniczący; Grzegorz Wiśniowski &#8211; wiceprzewodniczący; Małgorzata Figa-Tomińska &#8211; wiceprzewodnicząca; Maciej Nalepa &#8211; sekretarz; Michał Zieleniewski &#8211; skarbnik; Anna Czaplicka &#8211; członek zarządu; Artur Pióro &#8211; członek zarządu; Łukasz Płatek &#8211; członek zarządu</p>



<p><em>Byli członkowie: Tadeusz Kuś, Grażyna Machała, Artur Pióro</em></p>

<p>Kadencja V (od 23.03.2026) Michał Palarczyk — przewodniczącyJoanna Kozioł — wiceprzewodniczącaEwa Łukasik — wiceprzewodniczącaJolanta Wesołowska — sekretarzPaweł Wolszczak — skarbnikLucyna [&#8230;]</p>
