{"id":6147,"date":"2017-02-18T20:18:05","date_gmt":"2017-02-18T19:18:05","guid":{"rendered":"http:\/\/kodmalopolska.pl\/?page_id=6147"},"modified":"2019-04-29T15:32:04","modified_gmt":"2019-04-29T13:32:04","slug":"myslenice","status":"publish","type":"page","link":"https:\/\/kodmalopolska.pl\/?page_id=6147","title":{"rendered":"My\u015blenice"},"content":{"rendered":"<div class=\"columns\"><div class=\"col-sm-6\">\n<p><img loading=\"lazy\" decoding=\"async\" class=\"wp-image-11244 aligncenter\" src=\"https:\/\/kodmalopolska.pl\/wp-content\/uploads\/2019\/04\/cover-grupy-KOD-bia\u0139\u201ay-z-napisem.png\" alt=\"\" width=\"320\" height=\"167\" srcset=\"https:\/\/kodmalopolska.pl\/wp-content\/uploads\/2019\/04\/cover-grupy-KOD-bia\u0139\u201ay-z-napisem.png 1640w, https:\/\/kodmalopolska.pl\/wp-content\/uploads\/2019\/04\/cover-grupy-KOD-bia\u0139\u201ay-z-napisem-400x209.png 400w, https:\/\/kodmalopolska.pl\/wp-content\/uploads\/2019\/04\/cover-grupy-KOD-bia\u0139\u201ay-z-napisem-1024x534.png 1024w, https:\/\/kodmalopolska.pl\/wp-content\/uploads\/2019\/04\/cover-grupy-KOD-bia\u0139\u201ay-z-napisem-1536x802.png 1536w, https:\/\/kodmalopolska.pl\/wp-content\/uploads\/2019\/04\/cover-grupy-KOD-bia\u0139\u201ay-z-napisem-740x386.png 740w\" sizes=\"auto, (max-width: 320px) 100vw, 320px\" \/><\/p>\n<p style=\"font-size: 160%; text-align: center;\"><b>My\u015blenicka Grupa Lokalna<\/b> powsta\u0142a w 2015 roku. Zrzeszamy 60 cz\u0142onk\u00f3w. Dzia\u0142amy na terenie powiatu my\u015blenickiego oraz wspieramy dzia\u0142alno\u015b\u0107 innych grup.<\/p>\n<div class=\"no alert alert-general fade in\"><i class=\"fa fa-paperclip fa-2x\"><\/i><div class=\"alert-message\">\n<p style=\"font-size: 140%;\">Kontakt:<br \/>\ntel. <a href=\"tel:+48667155966\">667 155 966<\/a><br \/>\ne-mail: <a href=\"mailto:myslenice@kodmalopolska.pl\">myslenice@kodmalopolska.pl<\/a><br \/>\n<a href=\"http:\/\/www.facebook.com\/kodmyslenice\">www.facebook.com\/kodmyslenice<\/a><\/p>\n<\/div><\/div>\n<\/div>\n<div class=\"col-sm-6\">\n<h1>My\u015blenickie wydarzenia<\/h1>\n[event_rocket_list tag=&#8221;261&#8243;]<\/div>\n<\/div>\n\n","protected":false},"excerpt":{"rendered":"","protected":false},"author":24,"featured_media":7675,"parent":0,"menu_order":0,"comment_status":"closed","ping_status":"closed","template":"page-blog-by-cat.php","meta":{"_EventAllDay":false,"_EventTimezone":"","_EventStartDate":"","_EventEndDate":"","_EventStartDateUTC":"","_EventEndDateUTC":"","_EventShowMap":false,"_EventShowMapLink":false,"_EventURL":"","_EventCost":"","_EventCostDescription":"","_EventCurrencySymbol":"","_EventCurrencyCode":"","_EventCurrencyPosition":"","_EventDateTimeSeparator":"","_EventTimeRangeSeparator":"","_EventOrganizerID":[],"_EventVenueID":[],"_OrganizerEmail":"","_OrganizerPhone":"","_OrganizerWebsite":"","_VenueAddress":"","_VenueCity":"","_VenueCountry":"","_VenueProvince":"","_VenueState":"","_VenueZip":"","_VenuePhone":"","_VenueURL":"","_VenueStateProvince":"","_VenueLat":"","_VenueLng":"","_VenueShowMap":false,"_VenueShowMapLink":false,"footnotes":""},"categories":[],"tags":[],"class_list":["post-6147","page","type-page","status-publish","has-post-thumbnail","hentry"],"_links":{"self":[{"href":"https:\/\/kodmalopolska.pl\/index.php?rest_route=\/wp\/v2\/pages\/6147","targetHints":{"allow":["GET"]}}],"collection":[{"href":"https:\/\/kodmalopolska.pl\/index.php?rest_route=\/wp\/v2\/pages"}],"about":[{"href":"https:\/\/kodmalopolska.pl\/index.php?rest_route=\/wp\/v2\/types\/page"}],"author":[{"embeddable":true,"href":"https:\/\/kodmalopolska.pl\/index.php?rest_route=\/wp\/v2\/users\/24"}],"replies":[{"embeddable":true,"href":"https:\/\/kodmalopolska.pl\/index.php?rest_route=%2Fwp%2Fv2%2Fcomments&post=6147"}],"version-history":[{"count":0,"href":"https:\/\/kodmalopolska.pl\/index.php?rest_route=\/wp\/v2\/pages\/6147\/revisions"}],"wp:featuredmedia":[{"embeddable":true,"href":"https:\/\/kodmalopolska.pl\/index.php?rest_route=\/wp\/v2\/media\/7675"}],"wp:attachment":[{"href":"https:\/\/kodmalopolska.pl\/index.php?rest_route=%2Fwp%2Fv2%2Fmedia&parent=6147"}],"wp:term":[{"taxonomy":"category","embeddable":true,"href":"https:\/\/kodmalopolska.pl\/index.php?rest_route=%2Fwp%2Fv2%2Fcategories&post=6147"},{"taxonomy":"post_tag","embeddable":true,"href":"https:\/\/kodmalopolska.pl\/index.php?rest_route=%2Fwp%2Fv2%2Ftags&post=6147"}],"curies":[{"name":"wp","href":"https:\/\/api.w.org\/{rel}","templated":true}]}}