{"id":10327,"date":"2018-10-04T01:32:40","date_gmt":"2018-10-03T23:32:40","guid":{"rendered":"https:\/\/kodmalopolska.pl\/?page_id=10327"},"modified":"2026-03-29T12:48:37","modified_gmt":"2026-03-29T10:48:37","slug":"sklad-regionalnego-sadu-kolezenskiego","status":"publish","type":"page","link":"https:\/\/kodmalopolska.pl\/?page_id=10327","title":{"rendered":"Sk\u0142ad Regionalnego S\u0105du Kole\u017ce\u0144skiego"},"content":{"rendered":"\n<h3 class=\"wp-block-heading\">Kadencja V (od 23.03.2026)<\/h3>\n\n\n\n<p>Organizacja s\u0105d\u00f3w kole\u017ce\u0144skich zosta\u0142a zmieniona: zlikwidowano Regionalne S\u0105dy Kole\u017ce\u0144skie, powstaje S\u0105d Kole\u017ce\u0144ski I Instancji, sk\u0142adaj\u0105cy si\u0119 z przedstawicieli region\u00f3w; G\u0142\u00f3wny S\u0105d Kole\u017ce\u0144ski staje si\u0119 S\u0105dem Kole\u017ce\u0144skim II Instancji.<\/p>\n\n\n\n<p>Ma\u0142gorzata Figa-Tomi\u0144ska &#8211; przedstawicielka regionu <\/p>\n\n\n\n<hr class=\"wp-block-separator has-alpha-channel-opacity\"\/>\n\n\n\n<h3 class=\"wp-block-heading\">Kadencja IV (od 3.04.2024)<\/h3>\n\n\n\n<p>Stanis\u0142aw Adam Abram &#8211; przewodnicz\u0105cy<br \/>Maria Nowor\u00f3l &#8211; z-ca przewodnicz\u0105cego<br \/>Tomasz Malec (od 9.10.2024) &#8211; sekretarz<br \/>Ma\u0142gorzata Wielebnowska<br \/>Irena Chomin (od 9.10.2024)<\/p>\n\n\n\n<p>Rezygnacje:<br \/>Ma\u0142gorzata \u0141u\u017cecka-Pawlik (do 19.08.2024)<br \/>Ma\u0142gorzata Nowak (rezygnacja z przyczyn regulaminowych)<\/p>\n\n\n\n<hr class=\"wp-block-separator has-alpha-channel-opacity\"\/>\n\n\n\n<h3 class=\"wp-block-heading\">Kadencja III (od 3.04.2022)<\/h3>\n\n\n\n<p>Ma\u0142gorzata \u0141u\u017cecka-Pawlik<br \/>Maria Nowor\u00f3l<br \/>Irena Chomin<br \/>Pawe\u0142 Winsczyk<br \/>Micha\u0142 Kisielewski<\/p>\n\n\n\n<hr class=\"wp-block-separator has-css-opacity\"\/>\n\n\n\n<h5 class=\"wp-block-heading\">Kadencja II (od 28.01.2020)<\/h5>\n\n\n\n<p><em>Adam Grobler &#8211; przewodnicz\u0105cy, Anna Ni\u017cegorodcew &#8211; wiceprzewodnicz\u0105ca, Adam Kramarczyk, Ma\u0142gorzata Wielebnowska, Pawe\u0142 Winsczyk<\/em><\/p>\n\n\n<p><!--EndFragment--><\/p>","protected":false},"excerpt":{"rendered":"<p>Kadencja V (od 23.03.2026) Organizacja s\u0105d\u00f3w kole\u017ce\u0144skich zosta\u0142a zmieniona: zlikwidowano Regionalne S\u0105dy Kole\u017ce\u0144skie, powstaje S\u0105d Kole\u017ce\u0144ski I Instancji, sk\u0142adaj\u0105cy si\u0119 [&#8230;]<\/p>\n","protected":false},"author":11,"featured_media":0,"parent":0,"menu_order":0,"comment_status":"closed","ping_status":"closed","template":"","meta":{"_EventAllDay":false,"_EventTimezone":"","_EventStartDate":"","_EventEndDate":"","_EventStartDateUTC":"","_EventEndDateUTC":"","_EventShowMap":false,"_EventShowMapLink":false,"_EventURL":"","_EventCost":"","_EventCostDescription":"","_EventCurrencySymbol":"","_EventCurrencyCode":"","_EventCurrencyPosition":"","_EventDateTimeSeparator":"","_EventTimeRangeSeparator":"","_EventOrganizerID":[],"_EventVenueID":[],"_OrganizerEmail":"","_OrganizerPhone":"","_OrganizerWebsite":"","_VenueAddress":"","_VenueCity":"","_VenueCountry":"","_VenueProvince":"","_VenueState":"","_VenueZip":"","_VenuePhone":"","_VenueURL":"","_VenueStateProvince":"","_VenueLat":"","_VenueLng":"","_VenueShowMap":false,"_VenueShowMapLink":false,"footnotes":""},"categories":[],"tags":[],"class_list":["post-10327","page","type-page","status-publish","hentry"],"_links":{"self":[{"href":"https:\/\/kodmalopolska.pl\/index.php?rest_route=\/wp\/v2\/pages\/10327","targetHints":{"allow":["GET"]}}],"collection":[{"href":"https:\/\/kodmalopolska.pl\/index.php?rest_route=\/wp\/v2\/pages"}],"about":[{"href":"https:\/\/kodmalopolska.pl\/index.php?rest_route=\/wp\/v2\/types\/page"}],"author":[{"embeddable":true,"href":"https:\/\/kodmalopolska.pl\/index.php?rest_route=\/wp\/v2\/users\/11"}],"replies":[{"embeddable":true,"href":"https:\/\/kodmalopolska.pl\/index.php?rest_route=%2Fwp%2Fv2%2Fcomments&post=10327"}],"version-history":[{"count":3,"href":"https:\/\/kodmalopolska.pl\/index.php?rest_route=\/wp\/v2\/pages\/10327\/revisions"}],"predecessor-version":[{"id":39160,"href":"https:\/\/kodmalopolska.pl\/index.php?rest_route=\/wp\/v2\/pages\/10327\/revisions\/39160"}],"wp:attachment":[{"href":"https:\/\/kodmalopolska.pl\/index.php?rest_route=%2Fwp%2Fv2%2Fmedia&parent=10327"}],"wp:term":[{"taxonomy":"category","embeddable":true,"href":"https:\/\/kodmalopolska.pl\/index.php?rest_route=%2Fwp%2Fv2%2Fcategories&post=10327"},{"taxonomy":"post_tag","embeddable":true,"href":"https:\/\/kodmalopolska.pl\/index.php?rest_route=%2Fwp%2Fv2%2Ftags&post=10327"}],"curies":[{"name":"wp","href":"https:\/\/api.w.org\/{rel}","templated":true}]}}