{"id":10066,"date":"2018-08-12T23:05:08","date_gmt":"2018-08-12T21:05:08","guid":{"rendered":"https:\/\/kodmalopolska.pl\/?page_id=10066"},"modified":"2018-09-18T20:56:15","modified_gmt":"2018-09-18T18:56:15","slug":"zwzc-kod-r-malopolska","status":"publish","type":"page","link":"https:\/\/kodmalopolska.pl\/?page_id=10066","title":{"rendered":"ZWZC KOD Regionu"},"content":{"rendered":"<h2 style=\"text-align: center;\">Zarz\u0105d Regionu Ma\u0142opolska Stowarzyszenia<br \/>\n\u201eKOMITET OBRONY DEMOKRACJI\u201d<br \/>\ninformuje o zwo\u0142aniu<br \/>\n<strong style=\"font-size: 16px;\">uchwa\u0142\u0105 nr ZRM\u0141P\/2018\/08\/06\/01<br \/>\n<\/strong>Zwyczajnego Regionalnego<br \/>\nWalnego Zebrania Cz\u0142onk\u00f3w<\/h2>\n<p style=\"text-align: center;\">Zebranie odb\u0119dzie si\u0119\u00a0w dniu <strong>30 wrze\u015bnia 2018 r. w Krakowie, ul. Galicyjska 9.<\/strong><\/p>\n<p style=\"text-align: left;\"><span style=\"font-weight: 400;\">Rozpocz\u0119cie o godzinie 10:30 (pierwszy termin), ul. Galicyjska 9 w Krakowie.<br \/>\n<\/span><span style=\"font-weight: 400;\">(Rejestracja cz\u0142onk\u00f3w rozpocznie si\u0119 o godz. 10:00)<br \/>\n&#8212;&#8212;&#8212;&#8212;&#8212;&#8212;&#8212;&#8212;&#8212;&#8212;&#8212;-<\/span><\/p>\n<p style=\"text-align: left;\"><span style=\"font-weight: 400;\">W zwi\u0105zku z rezygnacj\u0105 z funkcji Przewodnicz\u0105cej Zarz\u0105du Regionu oraz cz\u0119\u015bci Cz\u0142onk\u00f3w Zarz\u0105du,<br \/>\nWalne Zebranie b\u0119dzie si\u0119 wi\u0105za\u0142o m.in. z wyborami nowych Cz\u0142onk\u00f3w w\u0142adz Regionu (ZR, RKR, RSK) a tak\u017ce Delegat\u00f3w na Zjazd Krajowy Stowarzyszenia.<br \/>\nOczekujemy na zg\u0142oszenia kandydatur (zg\u0142osi\u0107 mo\u017cna kogo\u015b lub siebie) \u2013 zg\u0142oszenia mo\u017cna dokona\u0107 wype\u0142niaj\u0105c i\u00a0dostarczaj\u0105c do biura Regionu formularz (poni\u017cej \u2013 za\u0142\u0105cznik nr 3.) wraz ze zgod\u0105 na kandydowanie \/ obj\u0119cie funkcji w przypadku wyboru osoby zg\u0142aszanej. Zg\u0142oszenia mo\u017cna dokona\u0107 tak\u017ce w dniu Walnego Zebrania (do zamkni\u0119cia listy kandydat\u00f3w).<\/span><\/p>\n<p>Ch\u0119tnie zamie\u015bcimy ew. autoprezentacje kandydat\u00f3w \u2013 zach\u0119camy do przedstawienia si\u0119 Cz\u0142onkom Regionu Stowarzyszenia. Prezentacje (tekst + ew. zdj\u0119cie) prosimy przesy\u0142a\u0107 na adres\u00a0<a href=\"mailto:zarzad@kodmalopolska.pl\">zarzad@kodmalopolska.pl<\/a><\/p>\n<p>ZA\u0141\u0104CZNIKI:<\/p>\n<ul>\n<li><a href=\"https:\/\/kodmalopolska.pl\/wp-content\/uploads\/2018\/08\/2018_08_06_Uchwa%C5%82a_ZRM%C5%81P2018_08_06_01_o_Zwo%C5%82aniu_ZWZC.pdf\"><strong>Uchwa\u0142a nr ZRM\u0141P\/2018\/08\/06\/01<\/strong><\/a> z dnia 6 sierpnia 2018 r. w sprawie zwo\u0142ania Zwyczajnego Regionalnego Walnego Zebrania Cz\u0142onk\u00f3w KOD Ma\u0142opolskie <a href=\"https:\/\/kodmalopolska.pl\/wp-content\/uploads\/2018\/08\/2018_08_06_Uchwa\u0142a_ZRM\u0141P2018_08_06_01_o_Zwo\u0142aniu_ZWZC.pdf\"><strong>&lt; KLIK &gt;<\/strong><\/a><\/li>\n<li><a href=\"https:\/\/kodmalopolska.pl\/wp-content\/uploads\/2018\/08\/2018_08_06_01_za%C5%82%C4%85cznik-nr-1_Porz%C4%85dek_obrad.pdf\"><strong>Za\u0142\u0105cznik nr 1<\/strong><\/a> do uchwa\u0142y nr ZRM\u0141P\/2018\/08\/06\/01, <strong>Projekt Porz\u0105dku Obrad <a href=\"https:\/\/kodmalopolska.pl\/wp-content\/uploads\/2018\/08\/2018_08_06_01_za\u0142\u0105cznik-nr-1_Porz\u0105dek_obrad.pdf\">&lt; KLIK &gt;<\/a><\/strong><\/li>\n<li><a href=\"https:\/\/kodmalopolska.pl\/wp-content\/uploads\/2018\/08\/2018_08_06_01_za%C5%82%C4%85cznik-nr-2_Regulamin.pdf\"><strong>Za\u0142\u0105cznik nr 2<\/strong><\/a> do uchwa\u0142y nr ZRM\u0141P\/2018\/08\/06\/01, <strong>Projekt Regulaminu Obrad <a href=\"https:\/\/kodmalopolska.pl\/wp-content\/uploads\/2018\/08\/2018_08_06_01_za\u0142\u0105cznik-nr-2_Regulamin.pdf\">&lt; KLIK &gt;<\/a><\/strong><\/li>\n<li><a href=\"https:\/\/kodmalopolska.pl\/wp-content\/uploads\/2018\/08\/2018_08_06_01_za%C5%82%C4%85cznik-nr-3_Formularz_zg%C5%82oszenia.pdf\"><strong>Za\u0142\u0105cznik nr 3<\/strong><\/a> do uchwa\u0142y nr ZRM\u0141P\/2018\/08\/06\/01, <strong>Formularz Zg\u0142oszenia Kandydata <a href=\"https:\/\/kodmalopolska.pl\/wp-content\/uploads\/2018\/08\/2018_08_06_01_za\u0142\u0105cznik-nr-3_Formularz_zg\u0142oszenia.pdf\">&lt; KLIK &gt;<\/a><\/strong><\/li>\n<li>Orientacyjny Minimalny <a href=\"https:\/\/kodmalopolska.pl\/wp-content\/uploads\/2018\/08\/funkcje_zarz%C4%85du_regionu.pdf\"><strong>Zakres Obowi\u0105zk\u00f3w<\/strong><\/a> Cz\u0142onk\u00f3w Zarz\u0105du Regionu <a href=\"https:\/\/kodmalopolska.pl\/wp-content\/uploads\/2018\/08\/funkcje_zarz\u0105du_regionu.pdf\"><strong>&lt; KLIK &gt;<\/strong><\/a><\/li>\n<\/ul>\n<p><span style=\"font-weight: 400;\">\u00a0<a href=\"https:\/\/kodmalopolska.pl\/kandydaci\/\">KANDYDACI<\/a>\u00a0\u2013 prezentacje:\u00a0<a href=\"https:\/\/kodmalopolska.pl\/kandydaci\/\"><strong>&lt; KLIK &gt;<\/strong><\/a><\/span><\/p>\n","protected":false},"excerpt":{"rendered":"<p>Zarz\u0105d Regionu Ma\u0142opolska Stowarzyszenia \u201eKOMITET OBRONY DEMOKRACJI\u201d informuje o zwo\u0142aniu uchwa\u0142\u0105 nr ZRM\u0141P\/2018\/08\/06\/01 Zwyczajnego Regionalnego Walnego Zebrania Cz\u0142onk\u00f3w Zebranie odb\u0119dzie [&#8230;]<\/p>\n","protected":false},"author":11,"featured_media":10068,"parent":0,"menu_order":0,"comment_status":"closed","ping_status":"closed","template":"","meta":{"_EventAllDay":false,"_EventTimezone":"","_EventStartDate":"","_EventEndDate":"","_EventStartDateUTC":"","_EventEndDateUTC":"","_EventShowMap":false,"_EventShowMapLink":false,"_EventURL":"","_EventCost":"","_EventCostDescription":"","_EventCurrencySymbol":"","_EventCurrencyCode":"","_EventCurrencyPosition":"","_EventDateTimeSeparator":"","_EventTimeRangeSeparator":"","_EventOrganizerID":[],"_EventVenueID":[],"_OrganizerEmail":"","_OrganizerPhone":"","_OrganizerWebsite":"","_VenueAddress":"","_VenueCity":"","_VenueCountry":"","_VenueProvince":"","_VenueState":"","_VenueZip":"","_VenuePhone":"","_VenueURL":"","_VenueStateProvince":"","_VenueLat":"","_VenueLng":"","_VenueShowMap":false,"_VenueShowMapLink":false,"footnotes":""},"categories":[294],"tags":[171,297,316,491,493,191],"class_list":["post-10066","page","type-page","status-publish","has-post-thumbnail","hentry","category-komunikaty","tag-kod","tag-kod-malopolska","tag-walne","tag-zarzad","tag-zawiadomienie","tag-zebranie","komunikaty"],"_links":{"self":[{"href":"https:\/\/kodmalopolska.pl\/index.php?rest_route=\/wp\/v2\/pages\/10066","targetHints":{"allow":["GET"]}}],"collection":[{"href":"https:\/\/kodmalopolska.pl\/index.php?rest_route=\/wp\/v2\/pages"}],"about":[{"href":"https:\/\/kodmalopolska.pl\/index.php?rest_route=\/wp\/v2\/types\/page"}],"author":[{"embeddable":true,"href":"https:\/\/kodmalopolska.pl\/index.php?rest_route=\/wp\/v2\/users\/11"}],"replies":[{"embeddable":true,"href":"https:\/\/kodmalopolska.pl\/index.php?rest_route=%2Fwp%2Fv2%2Fcomments&post=10066"}],"version-history":[{"count":0,"href":"https:\/\/kodmalopolska.pl\/index.php?rest_route=\/wp\/v2\/pages\/10066\/revisions"}],"wp:featuredmedia":[{"embeddable":true,"href":"https:\/\/kodmalopolska.pl\/index.php?rest_route=\/wp\/v2\/media\/10068"}],"wp:attachment":[{"href":"https:\/\/kodmalopolska.pl\/index.php?rest_route=%2Fwp%2Fv2%2Fmedia&parent=10066"}],"wp:term":[{"taxonomy":"category","embeddable":true,"href":"https:\/\/kodmalopolska.pl\/index.php?rest_route=%2Fwp%2Fv2%2Fcategories&post=10066"},{"taxonomy":"post_tag","embeddable":true,"href":"https:\/\/kodmalopolska.pl\/index.php?rest_route=%2Fwp%2Fv2%2Ftags&post=10066"}],"curies":[{"name":"wp","href":"https:\/\/api.w.org\/{rel}","templated":true}]}}

<h2 style="text-align: center;">Zarząd Regionu Małopolska Stowarzyszenia<br />
„KOMITET OBRONY DEMOKRACJI”<br />
informuje o zwołaniu<br />
<strong style="font-size: 16px;">uchwałą nr ZRMŁP/2018/08/06/01<br />
</strong>Zwyczajnego Regionalnego<br />
Walnego Zebrania Członków</h2>
<p style="text-align: center;">Zebranie odbędzie się w dniu <strong>30 września 2018 r. w Krakowie, ul. Galicyjska 9.</strong></p>
<p style="text-align: left;"><span style="font-weight: 400;">Rozpoczęcie o godzinie 10:30 (pierwszy termin), ul. Galicyjska 9 w Krakowie.<br />
</span><span style="font-weight: 400;">(Rejestracja członków rozpocznie się o godz. 10:00)<br />
&#8212;&#8212;&#8212;&#8212;&#8212;&#8212;&#8212;&#8212;&#8212;&#8212;&#8212;-</span></p>
<p style="text-align: left;"><span style="font-weight: 400;">W związku z rezygnacją z funkcji Przewodniczącej Zarządu Regionu oraz części Członków Zarządu,<br />
Walne Zebranie będzie się wiązało m.in. z wyborami nowych Członków władz Regionu (ZR, RKR, RSK) a także Delegatów na Zjazd Krajowy Stowarzyszenia.<br />
Oczekujemy na zgłoszenia kandydatur (zgłosić można kogoś lub siebie) – zgłoszenia można dokonać wypełniając i dostarczając do biura Regionu formularz (poniżej – załącznik nr 3.) wraz ze zgodą na kandydowanie / objęcie funkcji w przypadku wyboru osoby zgłaszanej. Zgłoszenia można dokonać także w dniu Walnego Zebrania (do zamknięcia listy kandydatów).</span></p>
<p>Chętnie zamieścimy ew. autoprezentacje kandydatów – zachęcamy do przedstawienia się Członkom Regionu Stowarzyszenia. Prezentacje (tekst + ew. zdjęcie) prosimy przesyłać na adres <a href="mailto:zarzad@kodmalopolska.pl">zarzad@kodmalopolska.pl</a></p>
<p>ZAŁĄCZNIKI:</p>
<ul>
<li><a href="https://kodmalopolska.pl/wp-content/uploads/2018/08/2018_08_06_Uchwa%C5%82a_ZRM%C5%81P2018_08_06_01_o_Zwo%C5%82aniu_ZWZC.pdf"><strong>Uchwała nr ZRMŁP/2018/08/06/01</strong></a> z dnia 6 sierpnia 2018 r. w sprawie zwołania Zwyczajnego Regionalnego Walnego Zebrania Członków KOD Małopolskie <a href="https://kodmalopolska.pl/wp-content/uploads/2018/08/2018_08_06_Uchwała_ZRMŁP2018_08_06_01_o_Zwołaniu_ZWZC.pdf"><strong>&lt; KLIK &gt;</strong></a></li>
<li><a href="https://kodmalopolska.pl/wp-content/uploads/2018/08/2018_08_06_01_za%C5%82%C4%85cznik-nr-1_Porz%C4%85dek_obrad.pdf"><strong>Załącznik nr 1</strong></a> do uchwały nr ZRMŁP/2018/08/06/01, <strong>Projekt Porządku Obrad <a href="https://kodmalopolska.pl/wp-content/uploads/2018/08/2018_08_06_01_załącznik-nr-1_Porządek_obrad.pdf">&lt; KLIK &gt;</a></strong></li>
<li><a href="https://kodmalopolska.pl/wp-content/uploads/2018/08/2018_08_06_01_za%C5%82%C4%85cznik-nr-2_Regulamin.pdf"><strong>Załącznik nr 2</strong></a> do uchwały nr ZRMŁP/2018/08/06/01, <strong>Projekt Regulaminu Obrad <a href="https://kodmalopolska.pl/wp-content/uploads/2018/08/2018_08_06_01_załącznik-nr-2_Regulamin.pdf">&lt; KLIK &gt;</a></strong></li>
<li><a href="https://kodmalopolska.pl/wp-content/uploads/2018/08/2018_08_06_01_za%C5%82%C4%85cznik-nr-3_Formularz_zg%C5%82oszenia.pdf"><strong>Załącznik nr 3</strong></a> do uchwały nr ZRMŁP/2018/08/06/01, <strong>Formularz Zgłoszenia Kandydata <a href="https://kodmalopolska.pl/wp-content/uploads/2018/08/2018_08_06_01_załącznik-nr-3_Formularz_zgłoszenia.pdf">&lt; KLIK &gt;</a></strong></li>
<li>Orientacyjny Minimalny <a href="https://kodmalopolska.pl/wp-content/uploads/2018/08/funkcje_zarz%C4%85du_regionu.pdf"><strong>Zakres Obowiązków</strong></a> Członków Zarządu Regionu <a href="https://kodmalopolska.pl/wp-content/uploads/2018/08/funkcje_zarządu_regionu.pdf"><strong>&lt; KLIK &gt;</strong></a></li>
</ul>
<p><span style="font-weight: 400;"> <a href="https://kodmalopolska.pl/kandydaci/">KANDYDACI</a> – prezentacje: <a href="https://kodmalopolska.pl/kandydaci/"><strong>&lt; KLIK &gt;</strong></a></span></p>

<p>Zarząd Regionu Małopolska Stowarzyszenia „KOMITET OBRONY DEMOKRACJI” informuje o zwołaniu uchwałą nr ZRMŁP/2018/08/06/01 Zwyczajnego Regionalnego Walnego Zebrania Członków Zebranie odbędzie [&#8230;]</p>
